ctors of 934654.
2, 7, 101, 661
What are the prime factors of 1562521?
17, 107, 859
What are the prime factors of 6913473?
3, 7, 19, 17327
What are the prime factors of 91439?
61, 1499
List the prime factors of 693503.
693503
What are the prime factors of 186685?
5, 37337
List the prime factors of 15306292.
2, 3826573
What are the prime factors of 2181170?
2, 5, 218117
List the prime factors of 26290199.
13, 101, 20023
List the prime factors of 1219522.
2, 233, 2617
List the prime factors of 1384241.
1384241
What are the prime factors of 5579732?
2, 1394933
What are the prime factors of 224374?
2, 43, 2609
What are the prime factors of 34349?
7, 701
What are the prime factors of 41002?
2, 13, 19, 83
What are the prime factors of 4143312?
2, 3, 23, 139
List the prime factors of 63826.
2, 7, 47, 97
What are the prime factors of 90164?
2, 22541
List the prime factors of 435555.
3, 5, 9679
List the prime factors of 19393556.
2, 7, 13, 53279
List the prime factors of 2601643.
11, 163, 1451
What are the prime factors of 19169?
29, 661
What are the prime factors of 156593?
156593
What are the prime factors of 315495?
3, 5, 19, 41
List the prime factors of 7401878.
2, 11, 509, 661
List the prime factors of 1922861.
83, 23167
What are the prime factors of 2378439?
3, 7, 19, 1987
List the prime factors of 1517263.
11, 137933
List the prime factors of 3713166.
2, 3, 23, 8969
List the prime factors of 9940720.
2, 5, 137, 907
What are the prime factors of 2898751?
457, 6343
List the prime factors of 5136399.
3, 281, 677
List the prime factors of 281638.
2, 7, 20117
What are the prime factors of 3526905?
3, 5, 17, 13831
List the prime factors of 32832620.
2, 5, 1641631
What are the prime factors of 2485871?
41, 60631
List the prime factors of 651825.
3, 5, 2897
What are the prime factors of 53951?
53951
List the prime factors of 452869.
452869
What are the prime factors of 1861589?
1861589
What are the prime factors of 2071?
19, 109
List the prime factors of 11307753.
3, 43, 61, 479
What are the prime factors of 872979?
3, 290993
List the prime factors of 19599211.
601, 32611
What are the prime factors of 176946?
2, 3, 7, 11, 383
What are the prime factors of 1420519?
1420519
What are the prime factors of 17734709?
17734709
List the prime factors of 3810362.
2, 1905181
List the prime factors of 30243909.
3, 10081303
List the prime factors of 4518692.
2, 41, 59, 467
What are the prime factors of 1241958?
2, 3, 206993
What are the prime factors of 420148?
2, 105037
What are the prime factors of 24927070?
2, 5, 7, 356101
List the prime factors of 257619.
3, 79, 1087
List the prime factors of 709157.
709157
What are the prime factors of 9874257?
3, 349, 9431
What are the prime factors of 129362?
2, 71, 911
List the prime factors of 8640201.
3, 2880067
What are the prime factors of 257036?
2, 13, 4943
What are the prime factors of 258807?
3, 86269
What are the prime factors of 395928?
2, 3, 13, 47
List the prime factors of 314524.
2, 7, 47, 239
What are the prime factors of 189396?
2, 3, 5261
What are the prime factors of 595949?
595949
What are the prime factors of 106170?
2, 3, 5, 3539
What are the prime factors of 1407837?
3, 469279
What are the prime factors of 1107396?
2, 3, 19, 1619
List the prime factors of 569410.
2, 5, 56941
List the prime factors of 428444.
2, 23, 4657
What are the prime factors of 151431?
3, 7, 7211
What are the prime factors of 1702964?
2, 271, 1571
List the prime factors of 9385841.
443, 21187
What are the prime factors of 142897?
142897
What are the prime factors of 861697?
41, 21017
List the prime factors of 1315270.
2, 5, 11, 1087
What are the prime factors of 556938?
2, 3, 30941
List the prime factors of 7450824.
2, 3, 283, 1097
What are the prime factors of 668477?
19, 151, 233
List the prime factors of 513831.
3, 59, 2903
List the prime factors of 3071540.
2, 5, 19, 59, 137
What are the prime factors of 664501?
557, 1193
List the prime factors of 3939712.
2, 7, 4397
What are the prime factors of 347903?
173, 2011
What are the prime factors of 331393?
283, 1171
What are the prime factors of 19774164?
2, 3, 1647847
What are the prime factors of 3066281?
599, 5119
What are the prime factors of 146638?
2, 157, 467
List the prime factors of 447131.
191, 2341
List the prime factors of 13467478.
2, 73, 92243
List the prime factors of 6688322.
2, 3344161
List the prime factors of 11521812.
2, 3, 960151
List the prime factors of 761093.
23, 33091
What are the prime factors of 252291?
3, 13, 6469
What are the prime factors of 17367703?
2857, 6079
What are the prime factors of 53417?
7, 13, 587
List the prime factors of 2484901.
2484901
List the prime factors of 581973.
3, 7, 37, 107
List the prime factors of 1748740.
2, 5, 7, 12491
List the prime factors of 168854.
2, 7, 1723
List the prime factors of 376696.
2, 47087
What are the prime factors of 1078240?
2, 5, 23, 293
What are the prime factors of 865127?
19, 45533
What are the prime factors of 17690268?
2, 3, 17, 5101
List the prime factors of 3901611.
3, 7, 47, 59, 67
List the prime factors of 185560.
2, 5, 4639
List the prime factors of 33665032.
2, 17, 14561
List the prime factors of 39250468.
2, 97, 101161
What are the prime factors of 1960947?
3, 53, 4111
What are the prime factors of 136072?
2, 73, 233
List the prime factors of 3022841.
31, 97511
List the prime factors of 4130033.
4130033
What are the prime factors of 2000266?
2, 1000133
What are the prime factors of 213482?
2, 173, 617
What are the prime factors of 26300267?
7, 331, 11351
What are the prime factors of 2970656?
2, 13, 37, 193
What are the prime factors of 6991236?
2, 3, 7, 27743
What are the prime factors of 197494?
2, 11, 47, 191
What are the prime factors of 538541?
131, 4111
List the prime factors of 43497.
3, 179
What are the prime factors of 5735294?
2, 1327, 2161
List the prime factors of 1370336.
2, 11, 17, 229
What are the prime factors of 6259375?
5, 2003
List the prime factors of 12187166.
2, 67, 103, 883
List the prime factors of 63388.
2, 13, 23, 53
What are the prime factors of 908472?
2, 3, 37853
List the prime factors of 945649.
19, 71, 701
List the prime factors of 6686220.
2, 3, 5, 47, 2371
List the prime factors of 181619.
181619
List the prime factors of 21957124.
2, 7, 784183
What are the prime factors of 539898?
2, 3, 89983
What are the prime factors of 9156352?
2, 47, 761
List the prime factors of 972570.
2, 3, 5, 17, 1907
List the prime factors of 4809148.
2, 839, 1433
List the prime factors of 2722643.
7, 11, 19, 1861
List the prime factors of 169390.
2, 5, 13, 1303
List the prime factors of 839588.
2, 431, 487
List the prime factors of 25406199.
3, 7, 13, 67, 463
What are the prime factors of 1532540?
2, 5, 19, 37, 109
List the prime factors of 5453456.
2, 19, 17939
What are the prime factors of 296613?
3, 32957
What are the prime factors of 8847016?
2, 73, 15149
What are the prime factors of 38280152?
2, 239, 20021
List the prime factors of 494851.
7, 10099
List the prime factors of 259856.
2, 109, 149
List the prime factors of 4245512.
2, 17, 19, 31, 53
What are the prime factors of 350682?
2, 3, 211, 277
List the prime factors of 1700463.
3, 566821
What are the prime factors of 695548?
2, 7, 24841
What are the prime factors of 5648952?
2, 3, 53, 4441
List the prime factors of 1265544.
2, 3, 7, 31
List the prime factors of 6263356.
2, 11, 283, 503
List the prime factors of 3732556.
2, 101, 9239
What are the prime factors of 202324?
2, 50581
List the prime factors of 3999001.
3999001
List the prime factors of 9962969.
17, 586057
What are the prime factors of 11335485?
3, 5, 7, 89, 1213
List the prime factors of 1198048.
2, 29, 1291
List the prime factors of 21081831.
3, 41, 101, 1697
What are the prime factors of 101851?
179, 569
List the prime factors of 291546.
2, 3, 5399
What are the prime factors of 147998?
2, 73999
What are the prime factors of 1046918?
2, 523459
What are the prime factors of 1684025?
5, 7, 9623
What are the prime factors of 3382293?
3, 59, 97, 197
What are the prime factors of 1016826?
2, 3, 169471
What are the prime factors of 983199?
3, 7, 46819
List the prime factors of 410.
2, 5, 41
What are the prime factors of 479338?
2, 61, 3929
What are the prime fac